prime factors of 45805.
5, 9161
What are the prime factors of 463?
463
What are the prime factors of 1144?
2, 11, 13
List the prime factors of 30923.
17, 107
List the prime factors of 69804.
2, 3, 7, 277
What are the prime factors of 501?
3, 167
List the prime factors of 3100.
2, 5, 31
What are the prime factors of 822?
2, 3, 137
List the prime factors of 6715.
5, 17, 79
What are the prime factors of 90176?
2, 1409
List the prime factors of 4910.
2, 5, 491
What are the prime factors of 760?
2, 5, 19
List the prime factors of 11066.
2, 11, 503
What are the prime factors of 44492?
2, 7, 227
What are the prime factors of 6397?
6397
What are the prime factors of 2401?
7
List the prime factors of 18833.
37, 509
List the prime factors of 795.
3, 5, 53
List the prime factors of 43066.
2, 61, 353
What are the prime factors of 50401?
13, 3877
List the prime factors of 70519.
97, 727
List the prime factors of 25955.
5, 29, 179
List the prime factors of 1394.
2, 17, 41
List the prime factors of 7334.
2, 19, 193
What are the prime factors of 789?
3, 263
What are the prime factors of 5662?
2, 19, 149
List the prime factors of 82798.
2, 41399
List the prime factors of 83.
83
List the prime factors of 5597.
29, 193
What are the prime factors of 626?
2, 313
What are the prime factors of 7993?
7993
What are the prime factors of 4884?
2, 3, 11, 37
What are the prime factors of 30609?
3, 19, 179
List the prime factors of 1746.
2, 3, 97
What are the prime factors of 1535?
5, 307
What are the prime factors of 47565?
3, 5, 7, 151
List the prime factors of 26163.
3, 17, 19
List the prime factors of 49323.
3, 41, 401
List the prime factors of 4946.
2, 2473
What are the prime factors of 17139?
3, 29, 197
List the prime factors of 2800.
2, 5, 7
List the prime factors of 4229.
4229
What are the prime factors of 221?
13, 17
List the prime factors of 9098.
2, 4549
List the prime factors of 520.
2, 5, 13
List the prime factors of 70277.
31, 2267
What are the prime factors of 40276?
2, 10069
List the prime factors of 2290.
2, 5, 229
What are the prime factors of 3434?
2, 17, 101
What are the prime factors of 13690?
2, 5, 37
List the prime factors of 2413.
19, 127
What are the prime factors of 40213?
40213
List the prime factors of 1273.
19, 67
List the prime factors of 1615.
5, 17, 19
List the prime factors of 2411.
2411
List the prime factors of 3183.
3, 1061
What are the prime factors of 1776?
2, 3, 37
What are the prime factors of 298?
2, 149
List the prime factors of 19753.
19753
What are the prime factors of 3212?
2, 11, 73
List the prime factors of 30848.
2, 241
What are the prime factors of 14047?
11, 1277
What are the prime factors of 30374?
2, 15187
List the prime factors of 36910.
2, 5, 3691
List the prime factors of 5501.
5501
What are the prime factors of 5535?
3, 5, 41
List the prime factors of 40650.
2, 3, 5, 271
List the prime factors of 8445.
3, 5, 563
What are the prime factors of 8287?
8287
What are the prime factors of 114114?
2, 3, 7, 11, 13, 19
What are the prime factors of 30945?
3, 5, 2063
List the prime factors of 60519.
3, 20173
What are the prime factors of 7474?
2, 37, 101
List the prime factors of 490.
2, 5, 7
List the prime factors of 1997.
1997
List the prime factors of 15923.
15923
What are the prime factors of 44776?
2, 29, 193
What are the prime factors of 4527?
3, 503
List the prime factors of 1077.
3, 359
What are the prime factors of 574?
2, 7, 41
List the prime factors of 235.
5, 47
What are the prime factors of 9806?
2, 4903
What are the prime factors of 1120?
2, 5, 7
What are the prime factors of 1786?
2, 19, 47
List the prime factors of 65389.
23, 2843
List the prime factors of 15777.
3, 1753
List the prime factors of 25756.
2, 47, 137
List the prime factors of 40247.
167, 241
List the prime factors of 549.
3, 61
What are the prime factors of 3493?
7, 499
What are the prime factors of 3264?
2, 3, 17
List the prime factors of 28293.
3, 9431
What are the prime factors of 3233?
53, 61
List the prime factors of 493.
17, 29
List the prime factors of 5168.
2, 17, 19
List the prime factors of 11082.
2, 3, 1847
List the prime factors of 910.
2, 5, 7, 13
List the prime factors of 1072.
2, 67
What are the prime factors of 14436?
2, 3, 401
List the prime factors of 1094.
2, 547
List the prime factors of 17614.
2, 8807
List the prime factors of 24327.
3, 17, 53
What are the prime factors of 677?
677
List the prime factors of 527.
17, 31
List the prime factors of 27985.
5, 29, 193
List the prime factors of 1042.
2, 521
List the prime factors of 1669.
1669
List the prime factors of 2617.
2617
What are the prime factors of 6663?
3, 2221
What are the prime factors of 794?
2, 397
What are the prime factors of 23564?
2, 43, 137
List the prime factors of 6553.
6553
What are the prime factors of 23940?
2, 3, 5, 7, 19
List the prime factors of 82933.
239, 347
List the prime factors of 40938.
2, 3, 6823
List the prime factors of 3431.
47, 73
List the prime factors of 21406.
2, 7, 11, 139
List the prime factors of 16466.
2, 8233
List the prime factors of 3203.
3203
List the prime factors of 495.
3, 5, 11
What are the prime factors of 2452?
2, 613
List the prime factors of 43816.
2, 5477
List the prime factors of 109134.
2, 3, 43, 47
List the prime factors of 3880.
2, 5, 97
List the prime factors of 33759.
3, 11, 31
What are the prime factors of 6454?
2, 7, 461
List the prime factors of 5004.
2, 3, 139
List the prime factors of 1647.
3, 61
List the prime factors of 55817.
55817
List the prime factors of 79315.
5, 29, 547
List the prime factors of 2002.
2, 7, 11, 13
List the prime factors of 13434.
2, 3, 2239
List the prime factors of 45756.
2, 3, 31, 41
List the prime factors of 50.
2, 5
What are the prime factors of 53338?
2, 26669
List the prime factors of 37712.
2, 2357
What are the prime factors of 495?
3, 5, 11
List the prime factors of 720.
2, 3, 5
What are the prime factors of 12441?
3, 11, 13, 29
What are the prime factors of 6048?
2, 3, 7
What are the prime factors of 14891?
14891
What are the prime factors of 141?
3, 47
What are the prime factors of 2554?
2, 1277
What are the prime factors of 41393?
11, 53, 71
What are the prime factors of 13691?
13691
List the prime factors of 1913.
1913
What are the prime factors of 5200?
2, 5, 13
List the prime factors of 47902.
2, 43, 557
What are the prime factors of 310?
2, 5, 31
List the prime factors of 21318.
2, 3, 11, 17, 19
What are the prime factors of 25755?
3, 5, 17, 101
List the prime factors of 1480.
2, 5, 37
List the prime factors of 702.
2, 3, 13
What are the prime factors of 6794?
2, 43, 79
List the prime factors of 1428.
2, 3, 7, 17
List the prime factors of 3153.
3, 1051
What are the prime factors of 4589?
13, 353
What are the prime factors of 74815?
5, 13, 1151
List the prime factors of 35252.
2, 7, 1259
List the prime factors of 980.
2, 5, 7
List the prime factors of 336.
2, 3, 7
List the prime factors of 590.
2, 5, 59
What are the prime factors of 72271?
72271
List the prime factors of 5608.
2, 701
List the prime factors of 145433.
145433
List the prime factors of 14061.
3, 43, 109
List the prime factors of 301.
7, 43
What are the prime factors of 7715?
5, 1543
What are the prime factors of 996?
2, 3, 83
List the prime factors of 111156.
2, 3, 59, 157
List the prime factors of 798.
2, 3, 7, 19
List the prime factors of 13915.
5, 11, 23
What are the prime factors of 9504?
2, 3, 11
List the prime factors of 935.
5, 11, 17
List the prime factors of 621.
3, 23
What are the prime factors of 573?
3, 191
What are the prime factors of 30569?
7, 11, 397
List the prime factors of 723.
3, 241
What are the prime factors of 1697?
1697
What are the prime factors of 7825?
5, 313
List the prime factors of 76359.
3, 25453
What are the prime factors of 18076?
2, 4519
What are the prime factors of 37278?
2, 3, 19, 109
What are the prime factors of 20265?
3, 5, 7, 193
List the prime factors of 111855.
3, 5, 7457
List the prime factors of 5306.
2, 7, 379
List the prime factors of 3756.
2, 3, 313
List the prime factors of 753.
3, 251
What are the prime factors of 2045?
5, 409
What are the prime factors of 159?
3, 53
List the prime factors of 3780.
2, 3, 5, 7
What are the prime factors of 1036?
2, 7, 37
What 